{"id":1468,"date":"2024-04-07T16:56:52","date_gmt":"2024-04-07T14:56:52","guid":{"rendered":"https:\/\/kendomontpellier.fr\/?page_id=1468"},"modified":"2024-04-07T16:59:00","modified_gmt":"2024-04-07T14:59:00","slug":"stage-kendo-thibault-de-brunel-avril-2024","status":"publish","type":"page","link":"https:\/\/kendomontpellier.fr\/?page_id=1468","title":{"rendered":"Stage Kendo Thibault de Brunel &#8211; 27 et 28 Avril 2024"},"content":{"rendered":"\n[et_pb_section fb_built=\u00a0\u00bb1&Prime; _builder_version=\u00a0\u00bb4.18.0&Prime; _module_preset=\u00a0\u00bbdefault\u00a0\u00bb global_colors_info=\u00a0\u00bb{}\u00a0\u00bb][et_pb_row _builder_version=\u00a0\u00bb4.18.0&Prime; _module_preset=\u00a0\u00bbdefault\u00a0\u00bb global_colors_info=\u00a0\u00bb{}\u00a0\u00bb][et_pb_column type=\u00a0\u00bb4_4&Prime; _builder_version=\u00a0\u00bb4.18.0&Prime; _module_preset=\u00a0\u00bbdefault\u00a0\u00bb global_colors_info=\u00a0\u00bb{}\u00a0\u00bb][et_pb_text _builder_version=\u00a0\u00bb4.18.0&Prime; _module_preset=\u00a0\u00bbdefault\u00a0\u00bb global_colors_info=\u00a0\u00bb{}\u00a0\u00bb]<h1>Stage Kendo Thibault Brunel de Bonneville &#8211; 27 et 28 Avril 2024<\/h1>[\/et_pb_text][\/et_pb_column][\/et_pb_row][et_pb_row column_structure=\u00a0\u00bb1_2,1_2&Prime; _builder_version=\u00a0\u00bb4.18.0&Prime; _module_preset=\u00a0\u00bbdefault\u00a0\u00bb global_colors_info=\u00a0\u00bb{}\u00a0\u00bb][et_pb_column type=\u00a0\u00bb1_2&Prime; _builder_version=\u00a0\u00bb4.18.0&Prime; _module_preset=\u00a0\u00bbdefault\u00a0\u00bb global_colors_info=\u00a0\u00bb{}\u00a0\u00bb][et_pb_image src=\u00a0\u00bbhttps:\/\/kendomontpellier.fr\/wp-content\/uploads\/2024\/04\/stage_04_2024.jpg\u00a0\u00bb alt=\u00a0\u00bbStage Avril 2024&Prime; title_text=\u00a0\u00bbstage_04_2024&Prime; _builder_version=\u00a0\u00bb4.18.0&Prime; _module_preset=\u00a0\u00bbdefault\u00a0\u00bb hover_enabled=\u00a0\u00bb0&Prime; global_colors_info=\u00a0\u00bb{}\u00a0\u00bb sticky_enabled=\u00a0\u00bb0&Prime;][\/et_pb_image][\/et_pb_column][et_pb_column type=\u00a0\u00bb1_2&Prime; _builder_version=\u00a0\u00bb4.18.0&Prime; _module_preset=\u00a0\u00bbdefault\u00a0\u00bb global_colors_info=\u00a0\u00bb{}\u00a0\u00bb][et_pb_text _builder_version=\u00a0\u00bb4.18.0&Prime; _module_preset=\u00a0\u00bbdefault\u00a0\u00bb hover_enabled=\u00a0\u00bb0&Prime; global_colors_info=\u00a0\u00bb{}\u00a0\u00bb sticky_enabled=\u00a0\u00bb0&Prime;]<h2><span jsslot=\"\">Lieu<\/span><\/h2>\n<p><span jsslot=\"\">Gymnase de la Merci<\/span><\/p>\n<p><span jsslot=\"\">3 rue Emile Zola &#8211; 34000 Montpellier<\/span><\/p>\n<h2><span jsslot=\"\">Programme<\/span><\/h2>\n<ul>\n<li><span jsslot=\"\">Samedi 14h &#8211; 18h<\/span><span jsslot=\"\"><\/span><span jsslot=\"\"><\/span><span jsslot=\"\"><br \/><\/span><\/li>\n<li><span jsslot=\"\">Dimanche 9h &#8211; 13h<\/span><span jsslot=\"\"><\/span><span jsslot=\"\"><\/span><\/li>\n<\/ul>\n<p><span jsslot=\"\">Ouverture des portes, 30 minutes avant le d\u00e9but du stage<\/span><\/p>\n<p><span jsslot=\"\"><\/span><\/p>\n<p><span jsslot=\"\">Un pot sera offert par le club \u00e0 l\u2019issue de chaque jour de stage (samedi avant le restaurant, et dimanche \u00e0 l\u2019issue du stage)<\/span><\/p>\n<h2><span jsslot=\"\">Inscription<\/span><\/h2>\n<p><span jsslot=\"\">L&rsquo;inscription et le r\u00e8glement se font par l&rsquo;interm\u00e9diaire d&rsquo;un formulaire sur HelloAsso disponible sur le lien <a href=\"https:\/\/www.helloasso.com\/associations\/kendo-muc\/paiements\/stage-kendo-montpellier-27-et-28-avril-2024\">ICI<\/a>.<\/span><span jsslot=\"\"><\/span><span jsslot=\"\"><\/span><\/p>\n<p><span jsslot=\"\">N&rsquo;oubliez pas de cocher la case si vous voulez participer au repas du samedi soir. (r\u00e8glement sur place)<\/span><span jsslot=\"\"><\/span><\/p>\n<p><span jsslot=\"\">Restaurant : Les fr\u00e8res Poulards, 27 rue Faubourg du Courreau, Montpellier<\/span><\/p>\n<ul><\/ul>\n<p><span style=\"text-decoration: underline;\"><strong><span jsslot=\"\">Attention !<\/span><\/strong><\/span><\/p>\n<p><span style=\"text-decoration: underline;\"><strong><span jsslot=\"\"><\/span><\/strong><\/span><span jsslot=\"\">La plateforme associative HelloAsso mets en place une participation financi\u00e8re facultative lors du r\u00e8glement. Vous \u00eates libre de ne pas faire de don \u00e0 l&rsquo;association en le pr\u00e9cisant au moment du r\u00e8glement.<\/span><span jsslot=\"\"><a href=\"https:\/\/www.helloasso.com\/associations\/kendo-muc\/paiements\/stage-kendo-montpellier-27-et-28-avril-2024\"><\/a><\/span><span jsslot=\"\"><\/span><\/p>[\/et_pb_text][\/et_pb_column][\/et_pb_row][\/et_pb_section]\n","protected":false},"excerpt":{"rendered":"<p>Stage Kendo Thibault Brunel de Bonneville &#8211; 27 et 28 Avril 2024Lieu Gymnase de la Merci 3 rue Emile Zola &#8211; 34000 Montpellier Programme Samedi 14h &#8211; 18h Dimanche 9h &#8211; 13h Ouverture des portes, 30 minutes avant le d\u00e9but du stage Un pot sera offert par le club \u00e0 l\u2019issue de chaque jour de [&hellip;]<\/p>\n","protected":false},"author":3,"featured_media":0,"parent":0,"menu_order":0,"comment_status":"closed","ping_status":"closed","template":"","meta":{"_et_pb_use_builder":"on","_et_pb_old_content":"","_et_gb_content_width":"","footnotes":""},"class_list":["post-1468","page","type-page","status-publish","hentry"],"yoast_head":"<!-- This site is optimized with the Yoast SEO plugin v27.4 - https:\/\/yoast.com\/product\/yoast-seo-wordpress\/ -->\n<title>Stage Kendo Thibault de Brunel - 27 et 28 Avril 2024 - Kendo Montpellier Universit\u00e9 Club<\/title>\n<meta name=\"robots\" content=\"index, follow, max-snippet:-1, max-image-preview:large, max-video-preview:-1\" \/>\n<link rel=\"canonical\" href=\"https:\/\/kendomontpellier.fr\/?page_id=1468\" \/>\n<meta property=\"og:locale\" content=\"fr_FR\" \/>\n<meta property=\"og:type\" content=\"article\" \/>\n<meta property=\"og:title\" content=\"Stage Kendo Thibault de Brunel - 27 et 28 Avril 2024 - Kendo Montpellier Universit\u00e9 Club\" \/>\n<meta property=\"og:description\" content=\"Stage Kendo Thibault Brunel de Bonneville - 27 et 28 Avril 2024Lieu Gymnase de la Merci 3 rue Emile Zola - 34000 Montpellier Programme Samedi 14h - 18h Dimanche 9h - 13h Ouverture des portes, 30 minutes avant le d\u00e9but du stage Un pot sera offert par le club \u00e0 l\u2019issue de chaque jour de [&hellip;]\" \/>\n<meta property=\"og:url\" content=\"https:\/\/kendomontpellier.fr\/?page_id=1468\" \/>\n<meta property=\"og:site_name\" content=\"Kendo Montpellier Universit\u00e9 Club\" \/>\n<meta property=\"article:modified_time\" content=\"2024-04-07T14:59:00+00:00\" \/>\n<meta name=\"twitter:card\" content=\"summary_large_image\" \/>\n<meta name=\"twitter:label1\" content=\"Dur\u00e9e de lecture estim\u00e9e\" \/>\n\t<meta name=\"twitter:data1\" content=\"1 minute\" \/>\n<script type=\"application\/ld+json\" class=\"yoast-schema-graph\">{\"@context\":\"https:\\\/\\\/schema.org\",\"@graph\":[{\"@type\":\"WebPage\",\"@id\":\"https:\\\/\\\/kendomontpellier.fr\\\/?page_id=1468\",\"url\":\"https:\\\/\\\/kendomontpellier.fr\\\/?page_id=1468\",\"name\":\"Stage Kendo Thibault de Brunel - 27 et 28 Avril 2024 - Kendo Montpellier Universit\u00e9 Club\",\"isPartOf\":{\"@id\":\"https:\\\/\\\/kendomontpellier.fr\\\/#website\"},\"datePublished\":\"2024-04-07T14:56:52+00:00\",\"dateModified\":\"2024-04-07T14:59:00+00:00\",\"breadcrumb\":{\"@id\":\"https:\\\/\\\/kendomontpellier.fr\\\/?page_id=1468#breadcrumb\"},\"inLanguage\":\"fr-FR\",\"potentialAction\":[{\"@type\":\"ReadAction\",\"target\":[\"https:\\\/\\\/kendomontpellier.fr\\\/?page_id=1468\"]}]},{\"@type\":\"BreadcrumbList\",\"@id\":\"https:\\\/\\\/kendomontpellier.fr\\\/?page_id=1468#breadcrumb\",\"itemListElement\":[{\"@type\":\"ListItem\",\"position\":1,\"name\":\"Accueil\",\"item\":\"https:\\\/\\\/kendomontpellier.fr\\\/\"},{\"@type\":\"ListItem\",\"position\":2,\"name\":\"Stage Kendo Thibault de Brunel &#8211; 27 et 28 Avril 2024\"}]},{\"@type\":\"WebSite\",\"@id\":\"https:\\\/\\\/kendomontpellier.fr\\\/#website\",\"url\":\"https:\\\/\\\/kendomontpellier.fr\\\/\",\"name\":\"Kendo Montpellier Universit\u00e9 Club\",\"description\":\"Le club de Kendo de Montpellier, membre du MUC et CNKDR\",\"potentialAction\":[{\"@type\":\"SearchAction\",\"target\":{\"@type\":\"EntryPoint\",\"urlTemplate\":\"https:\\\/\\\/kendomontpellier.fr\\\/?s={search_term_string}\"},\"query-input\":{\"@type\":\"PropertyValueSpecification\",\"valueRequired\":true,\"valueName\":\"search_term_string\"}}],\"inLanguage\":\"fr-FR\"}]}<\/script>\n<!-- \/ Yoast SEO plugin. -->","yoast_head_json":{"title":"Stage Kendo Thibault de Brunel - 27 et 28 Avril 2024 - Kendo Montpellier Universit\u00e9 Club","robots":{"index":"index","follow":"follow","max-snippet":"max-snippet:-1","max-image-preview":"max-image-preview:large","max-video-preview":"max-video-preview:-1"},"canonical":"https:\/\/kendomontpellier.fr\/?page_id=1468","og_locale":"fr_FR","og_type":"article","og_title":"Stage Kendo Thibault de Brunel - 27 et 28 Avril 2024 - Kendo Montpellier Universit\u00e9 Club","og_description":"Stage Kendo Thibault Brunel de Bonneville - 27 et 28 Avril 2024Lieu Gymnase de la Merci 3 rue Emile Zola - 34000 Montpellier Programme Samedi 14h - 18h Dimanche 9h - 13h Ouverture des portes, 30 minutes avant le d\u00e9but du stage Un pot sera offert par le club \u00e0 l\u2019issue de chaque jour de [&hellip;]","og_url":"https:\/\/kendomontpellier.fr\/?page_id=1468","og_site_name":"Kendo Montpellier Universit\u00e9 Club","article_modified_time":"2024-04-07T14:59:00+00:00","twitter_card":"summary_large_image","twitter_misc":{"Dur\u00e9e de lecture estim\u00e9e":"1 minute"},"schema":{"@context":"https:\/\/schema.org","@graph":[{"@type":"WebPage","@id":"https:\/\/kendomontpellier.fr\/?page_id=1468","url":"https:\/\/kendomontpellier.fr\/?page_id=1468","name":"Stage Kendo Thibault de Brunel - 27 et 28 Avril 2024 - Kendo Montpellier Universit\u00e9 Club","isPartOf":{"@id":"https:\/\/kendomontpellier.fr\/#website"},"datePublished":"2024-04-07T14:56:52+00:00","dateModified":"2024-04-07T14:59:00+00:00","breadcrumb":{"@id":"https:\/\/kendomontpellier.fr\/?page_id=1468#breadcrumb"},"inLanguage":"fr-FR","potentialAction":[{"@type":"ReadAction","target":["https:\/\/kendomontpellier.fr\/?page_id=1468"]}]},{"@type":"BreadcrumbList","@id":"https:\/\/kendomontpellier.fr\/?page_id=1468#breadcrumb","itemListElement":[{"@type":"ListItem","position":1,"name":"Accueil","item":"https:\/\/kendomontpellier.fr\/"},{"@type":"ListItem","position":2,"name":"Stage Kendo Thibault de Brunel &#8211; 27 et 28 Avril 2024"}]},{"@type":"WebSite","@id":"https:\/\/kendomontpellier.fr\/#website","url":"https:\/\/kendomontpellier.fr\/","name":"Kendo Montpellier Universit\u00e9 Club","description":"Le club de Kendo de Montpellier, membre du MUC et CNKDR","potentialAction":[{"@type":"SearchAction","target":{"@type":"EntryPoint","urlTemplate":"https:\/\/kendomontpellier.fr\/?s={search_term_string}"},"query-input":{"@type":"PropertyValueSpecification","valueRequired":true,"valueName":"search_term_string"}}],"inLanguage":"fr-FR"}]}},"_links":{"self":[{"href":"https:\/\/kendomontpellier.fr\/index.php?rest_route=\/wp\/v2\/pages\/1468","targetHints":{"allow":["GET"]}}],"collection":[{"href":"https:\/\/kendomontpellier.fr\/index.php?rest_route=\/wp\/v2\/pages"}],"about":[{"href":"https:\/\/kendomontpellier.fr\/index.php?rest_route=\/wp\/v2\/types\/page"}],"author":[{"embeddable":true,"href":"https:\/\/kendomontpellier.fr\/index.php?rest_route=\/wp\/v2\/users\/3"}],"replies":[{"embeddable":true,"href":"https:\/\/kendomontpellier.fr\/index.php?rest_route=%2Fwp%2Fv2%2Fcomments&post=1468"}],"version-history":[{"count":7,"href":"https:\/\/kendomontpellier.fr\/index.php?rest_route=\/wp\/v2\/pages\/1468\/revisions"}],"predecessor-version":[{"id":1481,"href":"https:\/\/kendomontpellier.fr\/index.php?rest_route=\/wp\/v2\/pages\/1468\/revisions\/1481"}],"wp:attachment":[{"href":"https:\/\/kendomontpellier.fr\/index.php?rest_route=%2Fwp%2Fv2%2Fmedia&parent=1468"}],"curies":[{"name":"wp","href":"https:\/\/api.w.org\/{rel}","templated":true}]}}